{"id":2,"date":"2012-10-26T10:19:24","date_gmt":"2012-10-26T08:19:24","guid":{"rendered":"http:\/\/www.copy2000bern.ch\/wordpress\/?page_id=2"},"modified":"2026-04-09T00:39:40","modified_gmt":"2026-04-08T22:39:40","slug":"beispiel-seite","status":"publish","type":"page","link":"https:\/\/www.copy2000bern.ch\/wordpress\/","title":{"rendered":"start"},"content":{"rendered":"<h2><span style=\"color: #000000;\"><strong>Bester Preis &#8211; Starke Qualit\u00e4t<\/strong><\/span><\/h2>\n<h2><strong><span style=\"color: #000000;\">Willkommen bei<\/span> <em><span style=\"color: #ff0000;\">Copy 2000 Bern<\/span><\/em><\/strong><\/h2>\n<h3><span style=\"color: #000000;\"><strong>Wir stehen f\u00fcr starke Qualit\u00e4t und die besten Preise<br \/>\n<\/strong><\/span><span style=\"color: #000000;\"><strong>Seit \u00fcber 26 Jahren sind wir f\u00fcr Sie da<\/strong><\/span><\/h3>\n<h4><span style=\"color: #000000;\"><strong>Wir digitalisieren Ihre Video &amp; Audiokassetten<br \/>\nIhre Normal und Super 8mm-Rollen<\/strong><\/span><br \/>\n<span style=\"color: #000000;\"><strong>Ihre Musikkassetten &amp; Schallplatten<\/strong><\/span><\/h4>\n<h4><span style=\"color: #000000;\"><strong>In bester Qualit\u00e4t und \u00fcberaus preiswert auf USB-Stick.<\/strong><\/span><br \/>\n<span style=\"color: #000000;\"><strong>Dieser kann am Flachbildschirm-Fernseher, <\/strong><\/span><span style=\"color: #000000;\"><strong>Beamer,<br \/>\n<\/strong><\/span><span style=\"color: #000000;\"><strong>Computer, <\/strong><\/span><span style=\"color: #000000;\"><strong>Laptop, etc. (Filme und Audio),<\/strong><\/span><br \/>\n<span style=\"color: #000000;\"><strong>oder Musikanlage (Audio) angeschlossen werden.<\/strong><\/span><\/h4>\n<h4><span style=\"color: #000000;\"><strong>Preise: (seit 10 Jahren unver\u00e4ndert, trotz Teuerung).<br \/>\nPreislisten und alle Details k\u00f6nnen Sie oben auf dieser Seite im Menu anklicken .<br \/>\nAlle <span style=\"color: #ff0000;\">Kontakt-Daten<\/span> sind rechts und unten.<\/strong><\/span><\/h4>\n<h4><span style=\"color: #000000;\"><strong>Wir unterst\u00fctzen Sie gerne bei technischen Fragen,<br \/>\nselbstverst\u00e4ndlich kostenfrei.<\/strong><\/span><\/h4>\n<h4><span style=\"color: #000000;\"><strong>Alle Angebote &amp; Preise sind transparent auf unserer Website.<\/strong><\/span><\/h4>\n<h4><strong><span style=\"color: #000000;\">Wir benutzen aus <span style=\"color: #ff0000;\">Datenschutzgr\u00fcnden KEINE iCloud<\/span>.<br \/>\n<\/span><\/strong><span style=\"color: #000000;\"><strong>somit ist Ihr <span style=\"color: #ff0000;\">Datenschutz<\/span> gew\u00e4hrt.<\/strong><\/span><\/h4>\n<h4><strong><span style=\"color: #000000;\"><span style=\"color: #ff0000;\">Direkt bringen und abholen<span style=\"color: #000000;\">:<\/span><br \/>\n<\/span><\/span><span style=\"color: #000000;\">Nach telefonischer Terminvereinbarung.<br \/>\n<\/span><\/strong><span style=\"color: #000000;\"><strong>Telefon: 031 371 04 38<\/strong><\/span><br \/>\n<span style=\"color: #000000;\"><strong>Telefonische Erreichbarkeit:<\/strong><\/span><br \/>\n<span style=\"color: #000000;\"><strong>Mo-Fr: 12:00h bis 19:00h<\/strong><\/span><\/h4>\n<h4><strong><span style=\"color: #000000;\"><span style=\"color: #ff0000;\">Paketpost<span style=\"color: #000000;\">:<\/span> (nur Schweiz)<\/span><br \/>\nVersand in die ganze Schweiz, wir retournieren Ihren Auftrag <\/span><span style=\"color: #000000;\">eingeschrieben<br \/>\nunter Posttarif. Pauschal f\u00fcr CHF. 9.-, die Differenz \u00fcbernehmen wir.<br \/>\nMaterial\/Verpackungskosten werden nicht in Rechnung gestellt.<\/span><\/strong><\/h4>\n<h4><strong><span style=\"color: #ff0000;\"><span style=\"color: #000000;\">Bitte ihre Adresse, Telefonnummer oder\/und E-Mailadresse dem Paket beif\u00fcgen, danke!<\/span><\/span><\/strong><\/h4>\n<h4><strong><span style=\"color: #000000;\">Unsere Adresse:<br \/>\n<\/span><\/strong><\/h4>\n<h4><span style=\"color: #ff0000;\"><strong>Copy 2000<em><br \/>\n<\/em><\/strong><\/span><strong><span style=\"color: #000000;\">Markus Born<\/span><\/strong><br \/>\n<strong><span style=\"color: #000000;\">Sulgenbachstrasse 14<\/span><\/strong><br \/>\n<strong><span style=\"color: #000000;\">3007 Bern<\/span><\/strong><\/h4>\n<h4><strong><span style=\"color: #000000;\"><span style=\"color: #ff0000;\">E-Mail<\/span>:<br \/>\n<\/span><\/strong><span style=\"color: #0000ff;\"><strong><a style=\"color: #0000ff;\" href=\"mailto:info@copy2000bern.ch\">info@copy2000bern.ch<br \/>\n<\/a><\/strong><\/span><span style=\"color: #000000;\"><strong>Bezahlung mit Bargeld oder Twint, Pakete auf Rechnung<a style=\"color: #000000;\" href=\"https:\/\/www.copy2000bern.ch\/wordpress\/wp-content\/uploads\/2026\/02\/twint-logo-png.png\"><img loading=\"lazy\" decoding=\"async\" class=\"wp-image-1349 alignnone\" src=\"https:\/\/www.copy2000bern.ch\/wordpress\/wp-content\/uploads\/2026\/02\/twint-logo-png.png\" alt=\"\" width=\"80\" height=\"80\" srcset=\"https:\/\/www.copy2000bern.ch\/wordpress\/wp-content\/uploads\/2026\/02\/twint-logo-png.png 320w, https:\/\/www.copy2000bern.ch\/wordpress\/wp-content\/uploads\/2026\/02\/twint-logo-png-150x150.png 150w\" sizes=\"auto, (max-width: 80px) 100vw, 80px\" \/><\/a><\/strong><\/span><\/h4>\n<p><span style=\"color: #000000;\"><strong><a style=\"color: #000000;\" href=\"http:\/\/www.copy2000bern.ch\/wordpress\/wp-content\/uploads\/2018\/08\/K\u00fcs\u00e4_real.jpg\"><img loading=\"lazy\" decoding=\"async\" class=\" wp-image-767 alignleft\" src=\"http:\/\/www.copy2000bern.ch\/wordpress\/wp-content\/uploads\/2018\/08\/K\u00fcs\u00e4_real-580x863.jpg\" alt=\"\" width=\"195\" height=\"290\" srcset=\"https:\/\/www.copy2000bern.ch\/wordpress\/wp-content\/uploads\/2018\/08\/K\u00fcs\u00e4_real-580x863.jpg 580w, https:\/\/www.copy2000bern.ch\/wordpress\/wp-content\/uploads\/2018\/08\/K\u00fcs\u00e4_real-768x1142.jpg 768w, https:\/\/www.copy2000bern.ch\/wordpress\/wp-content\/uploads\/2018\/08\/K\u00fcs\u00e4_real-940x1398.jpg 940w\" sizes=\"auto, (max-width: 195px) 100vw, 195px\" \/><\/a><\/strong><\/span><\/p>\n<p>&nbsp;<\/p>\n<p>&nbsp;<\/p>\n<p>&nbsp;<\/p>\n<p>&nbsp;<\/p>\n<p>&nbsp;<\/p>\n<p>&nbsp;<\/p>\n<p>&nbsp;<\/p>\n<p>&nbsp;<\/p>\n<h4><strong>\u00a0 \u00a0 \u00a0 \u00a0 <span style=\"color: #000000;\">\u00a0 \u00a0 \u00a0Markus Born<\/span><\/strong><\/h4>\n","protected":false},"excerpt":{"rendered":"<p>Bester Preis &#8211; Starke Qualit\u00e4t Willkommen bei Copy 2000 Bern Wir stehen f\u00fcr starke Qualit\u00e4t und die besten Preise Seit \u00fcber 26 Jahren sind wir f\u00fcr Sie da Wir digitalisieren Ihre Video &amp; Audiokassetten Ihre Normal und Super 8mm-Rollen Ihre Musikkassetten &amp; Schallplatten In bester Qualit\u00e4t und \u00fcberaus preiswert auf USB-Stick. Dieser kann am Flachbildschirm-Fernseher,<\/p>\n","protected":false},"author":7,"featured_media":0,"parent":0,"menu_order":0,"comment_status":"closed","ping_status":"closed","template":"","meta":{"footnotes":""},"class_list":["post-2","page","type-page","status-publish","hentry"],"_links":{"self":[{"href":"https:\/\/www.copy2000bern.ch\/wordpress\/wp-json\/wp\/v2\/pages\/2","targetHints":{"allow":["GET"]}}],"collection":[{"href":"https:\/\/www.copy2000bern.ch\/wordpress\/wp-json\/wp\/v2\/pages"}],"about":[{"href":"https:\/\/www.copy2000bern.ch\/wordpress\/wp-json\/wp\/v2\/types\/page"}],"author":[{"embeddable":true,"href":"https:\/\/www.copy2000bern.ch\/wordpress\/wp-json\/wp\/v2\/users\/7"}],"replies":[{"embeddable":true,"href":"https:\/\/www.copy2000bern.ch\/wordpress\/wp-json\/wp\/v2\/comments?post=2"}],"version-history":[{"count":338,"href":"https:\/\/www.copy2000bern.ch\/wordpress\/wp-json\/wp\/v2\/pages\/2\/revisions"}],"predecessor-version":[{"id":1381,"href":"https:\/\/www.copy2000bern.ch\/wordpress\/wp-json\/wp\/v2\/pages\/2\/revisions\/1381"}],"wp:attachment":[{"href":"https:\/\/www.copy2000bern.ch\/wordpress\/wp-json\/wp\/v2\/media?parent=2"}],"curies":[{"name":"wp","href":"https:\/\/api.w.org\/{rel}","templated":true}]}}